s f(0) a composite number?
False
Let s = -20 - -19. Is (-10645)/20*((-6 - s) + 1) composite?
False
Suppose -4*q + 98 - 30 = 0. Is q - -2590 - (-5 + 1) a composite number?
True
Let u(l) = 117*l**2 - 1. Let c = -27 + 18. Let d = c + 11. Is u(d) composite?
False
Suppose 4 + 0 = -2*y. Is -1 - (-918)/1 - y a prime number?
True
Let n be (-10)/5 - (-322)/1. Suppose -r - 7*o + 3*o = 159, 3*o = 9. Let m = r + n. Is m a prime number?
True
Suppose r = 2*m - 4*r - 3984, -5*m + 9925 = 5*r. Is m a prime number?
True
Is (-11554144)/784*(-14)/4 a composite number?
False
Let w = 43796 + -29493. Is w a composite number?
False
Let x(u) = 28*u**3 + 13*u**2 - 15*u + 31. Is x(12) a prime number?
False
Suppose -4*l - 12074 = -2*s, 0 = 2*s + 2*l - l - 12099. Is s a prime number?
True
Let k(s) = s**2 + 5*s + 4. Let g be k(-5). Suppose 4 = -x - 3*i, -x - 2*i + g = 6. Is (5/20)/(x/968) prime?
False
Let u(d) = d**3 + 24*d**2 - 17*d + 26. Let k be u(-15). Suppose -4*m + k + 522 = 0. Is m a composite number?
True
Let q(b) = b**2 - 7*b. Let z be q(8). Let w be 2/(2*(-2)/z). Let y(g) = -18*g + 7. Is y(w) a prime number?
True
Suppose -3*w - 2*k = -8 + 2, -5*k - 8 = -4*w. Suppose 3*l = 5*f + l - 23, -5*f = w*l - 27. Suppose 148 = -p + f*p. Is p composite?
False
Let q be (1105/10 + -2)*2. Is (-8 - -3)/((-7)/q) prime?
False
Let h(l) = 10*l**2 + 7. Suppose -u + 6*u = 20. Suppose -u*w + 5*w - 7 = 0. Is h(w) prime?
False
Let g be 1 - (1 - 2)*1. Let p(s) = 148*s**3 + s**2 - s - 1. Let y be p(g). Suppose -r = -4*r + y. Is r a composite number?
True
Suppose 1 = -2*c - 5*l, -5*c - 2*l = -l - 9. Suppose -4*k + 19 = 5*v, -11 = -22*v + 20*v - 5*k. Suppose -4*m + 3*m = -2, 0 = c*t + v*m - 610. Is t composite?
True
Let y = 83 + -81. Suppose 580 = 5*g - 2*u + 3*u, y*u - 585 = -5*g. Is g prime?
False
Let l(q) = -30*q + 33 + 2 + 8*q**2 + 14*q. Is l(23) a composite number?
True
Let c be (-1 + 1)/(0 + -2). Suppose 4*z + z - 395 = c. Suppose -5*h = -624 + z. Is h prime?
True
Let w = 10699 - 6314. Is w a composite number?
True
Let j be (-3)/9*26/4*6. Is j/(-4)*3*(-804)/(-9) composite?
True
Let y(a) be the second derivative of 11*a**4/4 - a**2/2 - 4*a. Let x be y(1). Suppose l - 41 = p, 5*p + x = l - 21. Is l a prime number?
False
Is -2*(35690/(-4) + -3 + -2) composite?
True
Let q(h) = 3*h + 6. Let l be q(-2). Let z = -5 + 10. Suppose 0*j - 4*j - 195 = -5*y, l = -z*y + 2*j + 205. Is y a composite number?
False
Let o(a) = -4*a + 82. Let u be o(21). Let p(s) = -3*s + s - 1 - s**3 - 9*s**3. Is p(u) a composite number?
False
Let m(t) be the third derivative of 2*t**5/15 - t**4/24 + t**3/2 - 14*t**2. Is m(4) a composite number?
False
Suppose 3*b = -4*y + 8 - 1, 2*b + 3*y - 3 = 0. Let u be (-25791)/(-27) - 2/b. Suppose 3*x - 8*x = -u. Is x prime?
True
Let v(b) = 0*b**2 + 2*b - 4*b - b**3 + 4 + 0*b + b**2. Let f be v(3). Is f/(-90) - (-196)/9 prime?
False
Let x = 2388 + 103. Is x prime?
False
Let b(v) = 6*v**2 - v - 2. Suppose 7 - 19 = -3*g. Let h be b(g). Suppose -h = -3*p + 264. Is p composite?
True
Let f(h) = 2*h + 0*h + 7 - 3*h + h**2. Let q be f(0). Suppose t - 66 = -q. Is t a prime number?
True
Let c = -12 + -7. Let y be (-2)/(-1) + 275/5. Let q = y + c. Is q a composite number?
True
Let a(g) = 4*g**3 - 13*g**2 + 19*g + 2. Let h(k) = -9*k**3 + 26*k**2 - 39*k - 5. Let u(t) = -7*a(t) - 3*h(t). Let y be u(12). Let d = 189 + y. Is d composite?
True
Is (-158)/(((-1468)/492 - -3)*-3) a prime number?
False
Suppose 0 = 2*d - 2*x - 0*x - 2, -5*d = 2*x - 12. Suppose d*c = -2*c. Suppose -j + 5*j = 2*i - 178, i - 3*j - 94 = c. Is i a prime number?
True
Let p = -51275 + 85318. Let j = -22180 + p. Is j a prime number?
True
Let u be 28/(-8) + 2/4. Let q be u - 1*2*-3. Suppose 0 = 2*c + 2*d - 500, q*d - 749 = -3*c - d. Is c a prime number?
True
Let l(q) = q**3 + 13*q**2 - 10*q + 18. Let f be l(-10). Let o = -167 + f. Is o composite?
False
Is 1 + -10 - (-555764)/44 composite?
True
Suppose 4*y - i - 5367 = 0, 4*y - 5*i + 3498 - 8877 = 0. Suppose 5*t - 1064 = y. Is t a composite number?
True
Let h be 2/4 + (-220)/(-8). Suppose 2*z = n - 13, 5*z + h = 4*n - 3*n. Suppose 259 + 314 = n*t. Is t a prime number?
True
Let d(f) = f**3 + f**2 + 25*f - 13. Is d(12) composite?
True
Suppose 4*h - 6 = h. Suppose 327 = h*d + 3*x, -3*x = -0*x + 3. Is d/5*2/2 prime?
False
Let m(y) = 74*y**2 + 2*y - 1. Let r be m(1). Let s = 148 + r. Is s a composite number?
False
Let i(z) = -z**3 - z. Let c(j) = 6*j**3 + 10*j - 4. Let a(g) = c(g) + 5*i(g). Let q be 0 - ((-3)/3 + -2). Is a(q) prime?
False
Let r(l) = 54*l - 5. Let k(z) = -108*z + 10. Let w(y) = -6*k(y) - 11*r(y). Let p be w(7). Let s = p - 162. Is s composite?
False
Suppose -26*b + 144797 + 36501 = 0. Is b a prime number?
False
Suppose i = -4 + 5. Suppose -5*v + i = -19. Is 1690/v - (-8)/(-16) prime?
False
Let u = -5597 - -10744. Is u prime?
True
Let c be (-4)/(-14) + 90/(-70) - -444. Let y = 1122 - c. Is y a prime number?
False
Let k(z) = -2*z**3 - 2*z**2 + 2*z + 3071. Is k(0) a prime number?
False
Suppose -7390 = -14*u + 4*u. Is u prime?
True
Let b = -4427 + 6204. Is b prime?
True
Suppose 0 = 5*q + 10, 0*j + 913 = 5*j + q. Suppose -4*k + 293 + j = 0. Is k composite?
True
Suppose v - 18 = 7*v. Is ((v/(-2))/(-1))/(63/(-8484)) prime?
False
Let m be 80/35 + 6/(-21). Suppose 8 - 47 = -l. Is l/3 + 2 - m a prime number?
True
Let i(s) = 3*s**2 + s - 5. Let p be i(10). Let f = p - 160. Is (-4 - f/10)*-2 composite?
False
Let l = 37 - 36. Is (l + 3)*36/48 prime?
True
Let p(y) = y**3 + 46*y**2 - y + 21. Is p(-41) composite?
False
Suppose 0 = 3*s - 17695 - 1994. Is s prime?
True
Let m(a) = 10206*a + 229. Is m(8) a composite number?
True
Let c(n) be the second derivative of 41*n**4/12 + n**3/6 + 7*n**2/2 - 10*n. Is c(4) composite?
True
Let c be (-1 - -2)/((-2)/(-22)). Let p(y) = 11*y + y**2 + 0 - 5 - 2. Is p(c) a prime number?
False
Is ((-6)/(-10))/(132/1555180) a composite number?
False
Is 252/108*(-371166)/(-14) composite?
False
Suppose 0 = -10*f + 240564 - 51194. Is f a prime number?
False
Let p(r) be the third derivative of -67*r**5/30 + 5*r**4/24 + 3*r**3/2 + 2*r**2. Let k(x) be the first derivative of p(x). Is k(-2) a composite number?
False
Let a = -1244 - -2029. Is a composite?
True
Suppose 1131 = x - 1046. Is x prime?
False
Suppose -5*f - r + 0*r = -21530, -2*r = -f + 4306. Is f prime?
False
Let r(d) = 23*d**2 - 2*d - 1. Suppose 0 = -3*s - 12. Let c = s - -6. Is r(c) composite?
True
Let u(y) = -8*y**3 - y**2 + y - 1. Let r be u(1). Is 72 + 3*3/r a prime number?
True
Let n be -3 + -1 - (-9)/3. Let b be (-4)/(-6)*-6 - -2. Is 55/(1/(n - b)) composite?
True
Let t(s) = 14*s + 6 - 3*s + 2 - 4. Let j be t(3). Let o = 10 + j. Is o a prime number?
True
Suppose 0 = -4*y + 7*y + 1512. Let q = y - -715. Is q a prime number?
True
Let g(b) = -42*b - 5. Let a be -8 - (-1 + -1)/(-1). Is g(a) composite?
True
Let s be 5/((-4)/(-144)*3). Suppose 0 = -7*o + 12*o - s. Suppose -h - d + 150 + 44 = 0, 4*d - o = 0. Is h prime?
True
Let i(d) = 68*d**2 - 8*d - 5. Is i(-6) a composite number?
True
Let t(g) = g**3 - 7*g**2 - 3*g + 5. Let k be t(8). Is 47187/k + (-4)/(-10) prime?
True
Let d = -2198 + 153. Is (-48)/16*d/3 a composite number?
True
Suppose -5*d - 511293 = -2*b, -4*b + 62*d + 1022661 = 67*d. Is b composite?
False
Let l(q) = -2*q**2 + 11*q - 2. Let b be l(5). Suppose b*h + 8870 = 8*h. Is h composite?
True
Suppose -2*r = -7*r. Suppose r = 7*o - 6157 - 15984. Is o composite?
False
Let l(r) = 199*r - 134. Is l(9) a prime number?
True
Let a(q) = 522*q - 17. Suppose -8 = -2*y + 2*r + r, -y - 3*r + 13 = 0. Is a(y) a prime number?
True
Suppose -g - 3*g = 516. Let l = g + 340. Is l prime?
True
Let w(m) = 20*m**2 + 12*m + 22. Let r be w(9). Suppose -5*i + 8271 = h, -107 = i + 3*h - r. Is i a prime number?
False
Suppose -5*r - 308 = -2*f + 84273, -126824 = -3*f - 2*r. Is f a prime number?
False
Let s = -2583 - -8102. Is s composite?
False
Suppose 0 = 3*h + 2*y - 142113, -4*y = -5*h - 9*y + 236850. Is h a prime number?
False
Let l(p) = -p**3 + 15*p**2 - 13*p + 5. Let a(v) = -4*v - 18. Let c be a(-8). Is l(c) composite?
False
Suppose 2*i + 232 = -4*h + 3*h, -5*h - 5*i = 1145. Let c = -27 - h. Is c prime?
True
Let h(t) = -82*t - 189. Is h(-15) composite?
True
Suppose -8*m = -f - 6*m + 11673, 3*f - m - 35014 = 0. I